 highest common factor of f and 2.
2
Let u be (-1027)/(-3) + (-36)/(-54). Suppose 0 = -7*l - 84 + u. Let t = l - 33. What is the highest common divisor of t and 1?
1
Let d(u) = -u**3 + 9*u**2 - 11*u + 4. Let b be d(11). Let r = b + 364. What is the greatest common divisor of 45 and r?
5
Let v(g) = 3*g**2 + 22*g + 262. Let b be v(-20). Calculate the highest common factor of 98 and b.
14
Suppose -66*u + 22893 = -2055. What is the highest common factor of u and 1113?
21
Suppose 3*z - p = -z + 412, 5*p - 2*p = 0. Calculate the highest common divisor of 16 and z.
1
Suppose 2*m = -4*u + 12952, 100*m - 3*u = 88*m + 77847. What is the greatest common divisor of 276 and m?
138
Let q be 2/(45/10 - 5) - -17. What is the highest common factor of q and 2509?
13
Let o(h) = -7*h**2 + 4*h - 5. Let t be o(1). Let y be (-326)/t + 35/28. Calculate the highest common factor of 308 and y.
14
Suppose -9 = -3*b + 3*x, b - 3*b - x = -9. Calculate the greatest common divisor of 10084 and b.
4
Let i be -3*(-13)/26*(2 - 0). Suppose 2*w + 0*u = -u + 8, i*u = -2*w + 8. Calculate the greatest common divisor of 32 and w.
4
Let s be 6 - (-2)/(-3 - -4). Let v be s/6*3/2. Suppose 15 = -j + v*j. Calculate the greatest common divisor of j and 10.
5
Suppose 2*t = 2*m + 6, 10*m = 2*t + 5*m. Suppose 19 = 4*p - t. Calculate the highest common divisor of 6 and p.
6
Let n(f) = -f**3 + 8*f**2 + 89*f - 2. Let s be n(-7). Suppose 5*k - 3 - 12 = 0. Let m be -30*(4/k)/(-4). What is the greatest common divisor of m and s?
10
Suppose 4*o = -29*u + 32*u - 46, 4*u = -o + 55. Suppose -u*c + 35 = -231. Calculate the highest common divisor of c and 589.
19
Suppose 60*l = -2609 - 12674 + 107503. What is the highest common factor of l and 159?
53
Let p be (4 + -3 - 1*(-4 + -1)) + 802. Calculate the greatest common factor of p and 303.
101
Suppose -313*o + 4205 + 4661 = -1463. Calculate the greatest common factor of 49137 and o.
33
Let c be ((-6)/2)/((430/2150)/(-19 + 0)). What is the highest common factor of 2337 and c?
57
Let f(v) = -v**3 - 24*v**2 + 37*v + 296. Let i be f(-27). What is the greatest common factor of i and 1802?
106
Suppose 14*v - 126024 = 2*v. Let w be v/177 - (-4)/6. What is the highest common factor of w and 12?
12
Let f be (-208)/6*(-8 + 5). Let u(c) = -4*c - 72. Let o be u(-32). Calculate the highest common divisor of f and o.
8
Let u be -1 + (-1)/(-2) - 65/(-2). Suppose -u*l = -36*l + 124. What is the greatest common factor of 31 and l?
31
Let s be (1 - 15)*-17 + -4 - (-10 - -10). Calculate the highest common factor of 90 and s.
18
Let i(m) = -3*m - 39. Let f be i(-18). Let o(l) = -l**3 + 13*l**2 + 36*l - 6. Let y be o(f). Calculate the highest common divisor of y and 56.
28
Let c be (-2)/6 + 5012/42. Suppose 23*s - 22*s - c = -3*v, -2*s - 66 = -2*v. Calculate the highest common divisor of v and 57.
19
Let y(a) = -3*a + 18. Let v be y(-8). Suppose 0 = -3*b - 3*d - 93, -d = -4*b + d - 142. Let q = b - -48. Calculate the highest common factor of v and q.
14
Suppose 0 = 21*m + 10*m - 14*m - 867. What is the highest common divisor of m and 13719?
51
Let z = 776 - 464. Suppose 44*u + 4*l - 424 = 40*u, -4*u + 3*l = -410. Calculate the highest common divisor of u and z.
104
Suppose 193 = -p + 211. Suppose 2*i - 14 - 30 = 0. Let k = i + p. What is the greatest common factor of k and 10?
10
Let n be 1/(-8) + (-124)/32. Let l(k) = 2*k**3 - 26 + 5*k**2 - k**3 + 24. Let o be l(n). What is the greatest common divisor of 98 and o?
14
Suppose 0 = 48*w - 0*w - 3*w - 212670. Calculate the highest common divisor of 34 and w.
34
Suppose -4830 = 5*w + 6*y, -2*w - 1860 = 5*y + 72. Let h = w + 1002. Let k(f) = f**2 + f + 4. Let l be k(0). Calculate the greatest common divisor of h and l.
4
Let v be 30 - ((-13)/4 - 1/(-4)). Suppose -p = -5*r + 3*p + 412, 4*p = -3*r + 260. Let w = r + -73. Calculate the greatest common factor of v and w.
11
Suppose -19*s = -11*s. Suppose s = -10*l + 30 + 70. Calculate the greatest common divisor of l and 250.
10
Let r(z) = 3*z**2 + 89*z + 380. Let g be r(-31). What is the highest common divisor of g and 162?
18
Suppose 3*y = 4*y - 4*a + 4, a + 21 = 3*y. Suppose y*g = 15 - 71. Let i be -46*(35/10)/g. Calculate the greatest common divisor of 23 and i.
23
Let z be (0 - (3 + -5)) + 27/((-162)/(-276)). Let l = 82 + 134. What is the greatest common divisor of z and l?
24
Suppose 0 = 2*t - 2*c - 192, t = 2*c - 146 + 244. Suppose p = -5, -3*p = -5*q - 4*p + 5. Calculate the highest common factor of q and t.
2
Let m = 66 - 62. Suppose 66 = -z - m*h, 4*z + 246 = -z + h. Let s = 86 + z. What is the greatest common factor of 9 and s?
9
Let z be (2/(-5))/(275/(-962500)). Calculate the greatest common factor of z and 40.
40
Let v = 99 + -64. Let n be (20/16)/((-975)/(-103740)). What is the highest common factor of n and v?
7
Let c = 3869 + -3306. Calculate the greatest common divisor of 1 and c.
1
Let l = 4018 + -2884. What is the greatest common divisor of 27 and l?
27
Let y = 47391 - 45857. What is the greatest common factor of 1404 and y?
26
Suppose 0 = 4*t - 3*g - 1, 4*t + 3*g = -10 + 17. Let d(o) = 179*o + 11. Let j be d(t). Calculate the greatest common divisor of 114 and j.
38
Let q be (-3276)/(-102) + ((-6)/(-17))/(-3). Calculate the highest common divisor of q and 512.
32
Let d(q) = -q**2 - 8*q + 12. Let g be d(-9). Suppose -5*l + 3*v + 321 + 537 = 0, -534 = -3*l - g*v. Calculate the highest common factor of 116 and l.
58
Let c be 732/(-549) + (-1682)/(-6). What is the greatest common factor of 589 and c?
31
Let q = 589 - 253. Let m(k) = 19*k**2 - 55. Let c be m(-5). What is the greatest common factor of c and q?
84
Let u(x) = x**2 - 23*x + 96. Let l be u(7). Let d = 69 + l. What is the greatest common factor of d and 371?
53
Let b(w) = w**3 - 11*w**2 + 18*w - 11. Let u = -134 - -147. Let r be b(u). Calculate the highest common divisor of r and 33.
33
Let h(w) = -w**3 - 8*w**2 + 92*w + 754. Let f be h(-8). What is the highest common factor of 2622 and f?
6
Let s = 3793 - 3769. Suppose w + 120 = 6*w. What is the greatest common divisor of s and w?
24
Suppose -3*w = 10*m - 11*m - 12, 2*w + 3*m = -3. Suppose -n - w*r = -4*n + 567, 2*r - 756 = -4*n. What is the highest common divisor of n and 27?
27
Let z(v) be the first derivative of 2*v**3/3 + 9*v**2/2 - 22*v + 35. Let m be z(3). Calculate the greatest common factor of m and 23.
23
Suppose -667 + 2639 = 29*t. Suppose -2*k - 5*d = -5*k + 36, 0 = k + 2*d - 12. What is the greatest common divisor of t and k?
4
Suppose -66*u + 9 = -67*u. Let k be (-170)/u*1 + 34/306. What is the highest common factor of k and 19?
19
Suppose 282 = -3*n - 3*r, -4*n - 375 = -3*r + 8*r. Let d be (-17)/(-68) - (n/4)/5. Calculate the highest common factor of d and 85.
5
Suppose 4*h + 620*a - 618*a - 1286 = 0, -5*a + 15 = 0. Calculate the highest common factor of h and 6080.
320
Let j be 9/(-27) + ((-17661)/9)/(-7). Calculate the highest common factor of 770 and j.
70
Suppose -194*o + 448 = -180*o. What is the greatest common divisor of o and 22?
2
Suppose -4881 = -25*m + 2119. What is the highest common factor of m and 56?
56
Suppose 14*w = 20*w - 324. Let s = 303 - 222. Calculate the greatest common factor of w and s.
27
Let z be 310/5735 + (-38254)/(-74). Calculate the highest common divisor of 88 and z.
11
Let g(x) = x**2 - 36*x + 184. Let i be g(30). Suppose 0 = 5*l + 2*y - 208, 15*l = 17*l - i*y - 88. Calculate the highest common divisor of 210 and l.
42
Suppose 0*g - 8*g = 4*g - 144. What is the greatest common factor of 48 and g?
12
Let p(m) = -m**2 + 15*m - 52. Let f be p(6). Let w(s) = 30*s**3 - 10*s**2 + s - 4. Let y be w(f). What is the highest common divisor of y and 33?
33
Let j = -103 + 191. Let h(b) = b + 12. Let u = 152 - 156. Let w be h(u). Calculate the highest common factor of w and j.
8
Let r(z) = -79*z - 5517. Let n be r(-70). Let a be (-101)/(-2) - (-4)/(-8). Suppose 3*h - a - 145 = 0. Calculate the greatest common divisor of h and n.
13
Let g be ((-23)/7)/23*(-14)/1. What is the highest common factor of 278 and g?
2
Let m = 109 - 54. What is the highest common factor of 143 and m?
11
Let g be -13 + 118 + 3 + -10. Calculate the highest common divisor of 1078 and g.
98
Let m(a) = -16 - 3 - 8 + 1 - a + 12*a. Let l be m(3). W